{"id":63,"date":"2017-07-31T08:28:53","date_gmt":"2017-07-31T08:28:53","guid":{"rendered":"http:\/\/www.ift.uam-csic.es\/severo\/?page_id=63"},"modified":"2022-10-10T10:15:23","modified_gmt":"2022-10-10T10:15:23","slug":"profesores-distinguidos","status":"publish","type":"page","link":"https:\/\/www.ift.uam-csic.es\/severoochoa\/es\/profesores-distinguidos\/","title":{"rendered":"Profesores Distinguidos"},"content":{"rendered":"\n<p>El proyecto Severo Ochoa del IFT incluye proporciona un marco al programa estrat\u00e9gico de Visitantes de Excelencia, que incluye el nombramiento de Profesores Distinguidos Severo Ochoa IFT, a cient\u00edficos reconocidos como l\u00edderes internacionales en los campos de F\u00edsica de Part\u00edculas, Astropart\u00edculas, Cosmolog\u00eda e Informaci\u00f3n Cu\u00e1ntica. El objetivo de este programa es reforzar y fomentar la colaboraci\u00f3n de los equipos del IFT con estos investigadores y sus instituciones, y enriquecer el estimulante ambiente de investigaci\u00f3n en el IFT a trav\u00e9s de sus visitas.<\/p>\n\n\n\n<div class=\"item-page\">\n<p><!--  imagen ---------------------------------------------------------------------------------------------------------------------------><\/p>\n<div class=\"media\"><a class=\"pull-left\" href=\"#\"> <img loading=\"lazy\" class=\"media-object\" src=\"http:\/\/www.ift.uam-csic.es\/severoochoa\/wp-content\/uploads\/2017\/11\/ArkaniHamed.jpg\" alt=\"Prof. Nima Arkani-Hamed del Instituto de Estudios Avanzados, Princeton\" width=\"170\" height=\"244\"> <\/a>\n<p>&nbsp;<\/p>\n<div class=\"media-body\">\n<h4 class=\"media-heading\" style=\"margin-left: 10px; color: #3c668f;\">Prof. Nima Arkani-Hamed<\/h4>\n<h5 class=\"media-heading\" style=\"margin-left: 10px; color: #869fb9;\">Instituto de Estudios Avanzados, Princeton<\/h5>\n<p>&nbsp;<\/p>\n<p style=\"margin-left: 10px; text-align: justify; font-size: 14px;\">El Prof. Arkani-Hamed es un investigador l\u00edder en el \u00e1rea de Fenomenolog\u00eda de Part\u00edculas, en la interface entre teor\u00eda y experimento. Ha realizado contribuciones pioneras abriendo nuevas l\u00edneas de investigaci\u00f3n en el campo de la F\u00edsica de Part\u00edculas mas all\u00e1 del Modelo Est\u00e1ndar, por ejemplo la propuesta de dimensiones extra grandes, o el planteamiento de condiciones de consistencia en teor\u00edas efectivas a bajas energ\u00edas, provenientes de su compleci\u00f3n ultravioleta en Gravedad Cu\u00e1ntica. Sus investigaciones recientes exploran la reformulaci\u00f3n de teor\u00edas cu\u00e1ntica en t\u00e9rminos de las propiedades fundamentales de sus amplitudes de dispersi\u00f3n on-shell. Ha recibido numerosos premios y distinciones, entre otros la Medalla Gribov 2003 de la Sociedad Europea de F\u00edsica, el Premio Raymond y Bevely Sackler de F\u00edsica 2008, y el Premio de F\u00edsica Fundamental 2012.<\/p>\n<\/div>\n<\/div>\n<p><!--  imagen ---------------------------------------------------------------------------------------------------------------------------><\/p>\n<div class=\"media\"><a class=\"pull-left\" href=\"#\"> <img loading=\"lazy\" class=\"media-object\" src=\"http:\/\/www.ift.uam-csic.es\/severoochoa\/wp-content\/uploads\/2017\/11\/Juan_Ignacio_Cirac.jpg\" alt=\"Prof. Juan Ignacio Cirac del Instituto Max Planck de \u00d3ptica Cu\u00e1ntica, Garching\" width=\"170\" height=\"244\"> <\/a>\n<p>&nbsp;<\/p>\n<div class=\"media-body\">\n<h4 class=\"media-heading\" style=\"margin-left: 10px; color: #3c668f;\">Prof. Juan Ignacio Cirac<\/h4>\n<h5 class=\"media-heading\" style=\"margin-left: 10px; color: #869fb9;\">Instituto Max Planck de \u00d3ptica Cu\u00e1ntica, Garching<\/h5>\n<p>&nbsp;<\/p>\n<p style=\"margin-left: 10px; text-align: justify; font-size: 14px;\">El Prof. Cirac es uno de los pioneros del campo de la computaci\u00f3n cu\u00e1ntica y la teor\u00eda de la informaci\u00f3n cu\u00e1ntica. Su trabajo, junto con Peter Zoller, en computaci\u00f3n cu\u00e1ntica en trampas de iones abri\u00f3 la posibilidad de la computaci\u00f3n cu\u00e1ntica experimental y el realizado en redes \u00f3pticas comenz\u00f3 el campo de la simulaci\u00f3n cu\u00e1ntica. Tambi\u00e9n ha realizado contribuciones esenciales en el campo de los gases cu\u00e1nticos degenerados, la \u00f3ptica cu\u00e1ntica y la f\u00edsica de muchos cuerpos. Ignacio Cirac ha recibido m\u00faltiples premios, entre ellos el Premio Pr\u00edncipe de Asturias 2006, el Premio Fronteras del Conocimiento en la categor\u00eda de Ciencias B\u00e1sicas de la Fundaci\u00f3n BBVA , ex aequo con Peter Zoller, la Medalla Benjamin Franklin de F\u00edsica 2010 (junto con David J. Wineland y Peter Zoller), y el Premio Wolf en F\u00edsica con Peter Zoller en 2013. Desde 2001 es director de la Divisi\u00f3n Te\u00f3rica del Instituto Max Planck de \u00d3ptica Cu\u00e1ntica en Garching, Alemania.<\/p>\n<\/div>\n<\/div>\n<p><!--  imagen ---------------------------------------------------------------------------------------------------------------------------><\/p>\n<div class=\"media\"><a class=\"pull-left\" href=\"#\"> <img loading=\"lazy\" class=\"media-object\" src=\"..\/..\/wp-content\/uploads\/2022\/10\/kaplan.jpeg\" alt=\"Prof. David B. Kaplan\" width=\"170\" height=\"244\"> <\/a>\n<p>&nbsp;<\/p>\n<p>&nbsp;<\/p>\n<div class=\"media-body\">\n<h4 class=\"media-heading\" style=\"margin-left: 10px; color: #3c668f;\">Prof. David B. Kaplan<\/h4>\n<h5 class=\"media-heading\" style=\"margin-left: 10px; color: #869fb9;\">University of Washington<\/h5>\n<p>&nbsp;<\/p>\n<p style=\"margin-left: 10px; text-align: justify; font-size: 14px;\">Prof. Kaplan is one of the leading experts in Quantum Field Theory and its applications to several problems in Particle Physics, Cosmology, Nuclear and Condensed Matter Physics. He has received, among other awards, the Herman Feshbach Prize in Theoretical Nuclear Physics (2022).<\/p>\n<\/div>\n<\/div>\n<p><!--  imagen ---------------------------------------------------------------------------------------------------------------------------><\/p>\n<div class=\"media\"><a class=\"pull-left\" href=\"#\"> <img loading=\"lazy\" class=\"media-object\" src=\"http:\/\/www.ift.uam-csic.es\/severoochoa\/wp-content\/uploads\/2017\/11\/Viatcheslav_Mukhanov.jpg\" alt=\"Prof. Viatcheslav Mukanov del Centro Arnold Sommerfeld para F\u00edsica Te\u00f3rica, LMU\" width=\"170\" height=\"251\"> <\/a>\n<p>&nbsp;<\/p>\n<div class=\"media-body\">\n<h4 class=\"media-heading\" style=\"margin-left: 10px; color: #3c668f;\">Prof. Viatcheslav Mukhanov<\/h4>\n<h5 class=\"media-heading\" style=\"margin-left: 10px; color: #869fb9;\">Centro Arnold Sommerfeld para F\u00edsica Te\u00f3rica, LMU<\/h5>\n<p>&nbsp;<\/p>\n<p style=\"margin-left: 10px; text-align: justify; font-size: 14px;\">El Prof. Mukhanov es titular de la C\u00e1tedra de Cosmolog\u00eda en la Ludwig-Maximilians Universit\u00e4t de Munich. Pertenece al selecto grupo de investigadores que han hecho contribuciones esenciales a la teor\u00eda de la inflaci\u00f3n c\u00f3smica. En 1980-81, junto con G. Chibisov, descubri\u00f3 que las fluctuaciones cu\u00e1nticas podr\u00edan ser responsables de la estructura a gran escala del universo. Calcularon el espectro de fluctuaciones en un modelo con una etapa de expansi\u00f3n casi exponencial, m\u00e1s tarde conocido como inflaci\u00f3n, en buen acuerdo con las mediciones recientes de las fluctuaciones del CMB. Ha recibido numerosos premios, la Medalla de Oro de la Academia Sovi\u00e9tica de Ciencias, la Medalla Oskar Klein y en 2015 la Medalla Max Planck. El gobierno franc\u00e9s le ha otorgado la prestigiosa Chaire Blaise Pascal. Recibi\u00f3 el Premio Tomalla de la Swiss Tomalla Foundation for Gravity Research, la Medalla Amaldi de la Sociedad Italiana de Relatividad General y en 2013, con A. Staorbinsky, el Premio Gruber de Cosmolog\u00eda.<\/p>\n<\/div>\n<\/div>\n<p><!--  Undecima imagen ---------------------------------------------------------------------------------------------------------------------------><\/p>\n<div class=\"media\"><a class=\"pull-left\" href=\"#\"><img loading=\"lazy\" class=\"media-object\" src=\"https:\/\/www.ift.uam-csic.es\/severoochoa2013-17\/images\/profs\/Lisa_Randall.jpg\" alt=\"Prof. Lisa Randall de la Universidad de Harvard\" width=\"170\" height=\"244\"> <\/a>\n<p>&nbsp;<\/p>\n<div class=\"media-body\">\n<h4 class=\"media-heading\" style=\"margin-left: 10px; color: #3c668f;\">Prof. Lisa Randall<\/h4>\n<h5 class=\"media-heading\" style=\"margin-left: 10px; color: #869fb9;\">Universidad de Harvard<\/h5>\n<p>&nbsp;<\/p>\n<p style=\"margin-left: 10px; text-align: justify; font-size: 14px;\">La Prof. Randall es una experta en f\u00edsica de part\u00edculas y cosmolog\u00eda. Ha realizado contribuciones muy influyentes en ambos campos, la m\u00e1s destacada el modelo de Randall-Sundrun que involucra la existencia de dimensiones espaciales extra. Ha tenido adem\u00e1s una notable presencia p\u00fablica a trav\u00e9s de sus apariciones en conferencias, programas de radio y televisi\u00f3n. Su libro \u201cWarped Passages: Desentra\u00f1ando los misterios de las Dimensiones Ocultas del Universo\u201d fue incluido por el New York Times entre los 100 libros mas relevantes de 2005. Tambi\u00e9n figura, seg\u00fan la revista Time, entre las &#8220;100 personas m\u00e1s influyentes&#8221; de 2007. Pertenece a la Academia Nacional de Ciencias de EEUU, la Academia Americana de las Artes y las Ciencias y la Sociedad Americana de F\u00edsica. Ha recibido el Premio Caterina Tomassoni e Felice Pietro Chisesi, el Premio Julius Lilienfeld de la Sociedad Americana de F\u00edsica y el Benjamin Franklin Creativity Laureate in the Sciences. Actualmente es Frank B. Baird, Jr. Professor of Science en la Facultad de F\u00edsica de la Universidad de Harvard.<\/p>\n<\/div>\n<\/div>\n<p><!--  imagen ---------------------------------------------------------------------------------------------------------------------------><\/p>\n<div class=\"media\"><a class=\"pull-left\" href=\"#\"><img loading=\"lazy\" class=\"media-object\" src=\"..\/..\/wp-content\/uploads\/2022\/10\/vafa.png\" alt=\"Prof. Cumrun Vafa\" width=\"170\" height=\"244\"> <\/a>\n<p>&nbsp;<\/p>\n<p>&nbsp;<\/p>\n<div class=\"media-body\">\n<h4 class=\"media-heading\" style=\"margin-left: 10px; color: #3c668f;\">Prof. Cumrun Vafa<\/h4>\n<h5 class=\"media-heading\" style=\"margin-left: 10px; color: #869fb9;\">Harvard University<\/h5>\n<p>&nbsp;<\/p>\n<p style=\"margin-left: 10px; text-align: justify; font-size: 14px;\">Prof. Vafa holds the Hollis Chair of Mathematics and Natural Philosophy at Harvard University. He is a world-renowned expert in String Theory and its implications in the study of Quantum Gravity and the relations between geometry and Quantum Field Theory. He has received, among other awards, the Dirac Medal (2008) and the Breakthrough Prize in Physics Frontiers (2014).<\/p>\n<\/div>\n<\/div>\n<p><!--  imagen ---------------------------------------------------------------------------------------------------------------------------><\/p>\n<div class=\"media\"><a class=\"pull-left\" href=\"#\"><img loading=\"lazy\" class=\"media-object\" src=\"..\/..\/wp-content\/uploads\/2022\/10\/zoller.jpeg\" alt=\"Prof. Cumrun Vafa\" width=\"170\" height=\"244\"> <\/a>\n<p>&nbsp;<\/p>\n<p>&nbsp;<\/p>\n<div class=\"media-body\">\n<h4 class=\"media-heading\" style=\"margin-left: 10px; color: #3c668f;\">Prof. Peter Zoller<\/h4>\n<h5 class=\"media-heading\" style=\"margin-left: 10px; color: #869fb9;\">University of Innsbruck<\/h5>\n<p>&nbsp;<\/p>\n<p style=\"margin-left: 10px; text-align: justify; font-size: 14px;\">Prof. Zoller works on quantum optics and quantum information. He is best known for his pioneering research on quantum computing and quantum communication, and for bridging quantum optics and solid state physics. He has been the recipient, among other awards, of the Max Planck Medal (2005), Dirac Medal (2006), and the Wolf Prize in Physics (2013).<\/p>\n<\/div>\n<\/div>\n\n<p><!-- Nueve imagen ---------------------------------------------------------------------------------------------------------------------------><\/p>\n<\/div>\n","protected":false},"excerpt":{"rendered":"<p>El proyecto Severo Ochoa del IFT incluye proporciona un marco al programa estrat\u00e9gico de Visitantes de Excelencia, que incluye el [&hellip;]<\/p>\n","protected":false},"author":1,"featured_media":0,"parent":0,"menu_order":0,"comment_status":"closed","ping_status":"closed","template":"","meta":[],"yoast_head":"<!-- This site is optimized with the Yoast SEO plugin v16.0.2 - https:\/\/yoast.com\/wordpress\/plugins\/seo\/ -->\n<title>Severo Ochoa Profesores Distinguidos - Instituto de F\u00edsica Te\u00f3rica<\/title>\n<meta name=\"description\" content=\"Profesores Distinguidos Severo Ochoa IFT son incluidos en el proyecto proporcionando un marco al programa estrat\u00e9gico de Visitantes de Excelencia.\" \/>\n<link rel=\"canonical\" href=\"https:\/\/www.ift.uam-csic.es\/severoochoa\/es\/profesores-distinguidos\/\" \/>\n<meta property=\"og:locale\" content=\"es_ES\" \/>\n<meta property=\"og:type\" content=\"article\" \/>\n<meta property=\"og:title\" content=\"Severo Ochoa Profesores Distinguidos - Instituto de F\u00edsica Te\u00f3rica\" \/>\n<meta property=\"og:description\" content=\"Profesores Distinguidos Severo Ochoa IFT son incluidos en el proyecto proporcionando un marco al programa estrat\u00e9gico de Visitantes de Excelencia.\" \/>\n<meta property=\"og:url\" content=\"https:\/\/www.ift.uam-csic.es\/severoochoa\/es\/profesores-distinguidos\/\" \/>\n<meta property=\"og:site_name\" content=\"Severo Ochoa\" \/>\n<meta property=\"article:publisher\" content=\"https:\/\/www.facebook.com\/IFT-444787088891187\/\" \/>\n<meta property=\"article:modified_time\" content=\"2022-10-10T10:15:23+00:00\" \/>\n<meta property=\"og:image\" content=\"http:\/\/www.ift.uam-csic.es\/severoochoa\/wp-content\/uploads\/2017\/11\/ArkaniHamed.jpg\" \/>\n<meta name=\"twitter:card\" content=\"summary\" \/>\n<meta name=\"twitter:site\" content=\"@IFT_UAM_CSIC\" \/>\n<meta name=\"twitter:label1\" content=\"Est. reading time\">\n\t<meta name=\"twitter:data1\" content=\"6 minutos\">\n<script type=\"application\/ld+json\" class=\"yoast-schema-graph\">{\"@context\":\"https:\/\/schema.org\",\"@graph\":[{\"@type\":\"WebSite\",\"@id\":\"https:\/\/www.ift.uam-csic.es\/severoochoa\/en\/introduction\/#website\",\"url\":\"https:\/\/www.ift.uam-csic.es\/severoochoa\/en\/introduction\/\",\"name\":\"Severo Ochoa\",\"description\":\"Severo Ochoa website of IFT\",\"potentialAction\":[{\"@type\":\"SearchAction\",\"target\":\"https:\/\/www.ift.uam-csic.es\/severoochoa\/en\/introduction\/?s={search_term_string}\",\"query-input\":\"required name=search_term_string\"}],\"inLanguage\":\"es\"},{\"@type\":\"ImageObject\",\"@id\":\"https:\/\/www.ift.uam-csic.es\/severoochoa\/es\/profesores-distinguidos\/#primaryimage\",\"inLanguage\":\"es\",\"url\":\"http:\/\/www.ift.uam-csic.es\/severoochoa\/wp-content\/uploads\/2017\/11\/ArkaniHamed.jpg\"},{\"@type\":\"WebPage\",\"@id\":\"https:\/\/www.ift.uam-csic.es\/severoochoa\/es\/profesores-distinguidos\/#webpage\",\"url\":\"https:\/\/www.ift.uam-csic.es\/severoochoa\/es\/profesores-distinguidos\/\",\"name\":\"Severo Ochoa Profesores Distinguidos - Instituto de F\\u00edsica Te\\u00f3rica\",\"isPartOf\":{\"@id\":\"https:\/\/www.ift.uam-csic.es\/severoochoa\/en\/introduction\/#website\"},\"primaryImageOfPage\":{\"@id\":\"https:\/\/www.ift.uam-csic.es\/severoochoa\/es\/profesores-distinguidos\/#primaryimage\"},\"datePublished\":\"2017-07-31T08:28:53+00:00\",\"dateModified\":\"2022-10-10T10:15:23+00:00\",\"description\":\"Profesores Distinguidos Severo Ochoa IFT son incluidos en el proyecto proporcionando un marco al programa estrat\\u00e9gico de Visitantes de Excelencia.\",\"breadcrumb\":{\"@id\":\"https:\/\/www.ift.uam-csic.es\/severoochoa\/es\/profesores-distinguidos\/#breadcrumb\"},\"inLanguage\":\"es\",\"potentialAction\":[{\"@type\":\"ReadAction\",\"target\":[\"https:\/\/www.ift.uam-csic.es\/severoochoa\/es\/profesores-distinguidos\/\"]}]},{\"@type\":\"BreadcrumbList\",\"@id\":\"https:\/\/www.ift.uam-csic.es\/severoochoa\/es\/profesores-distinguidos\/#breadcrumb\",\"itemListElement\":[{\"@type\":\"ListItem\",\"position\":1,\"item\":{\"@type\":\"WebPage\",\"@id\":\"https:\/\/www.ift.uam-csic.es\/severoochoa\/es\/introduccion\/\",\"url\":\"https:\/\/www.ift.uam-csic.es\/severoochoa\/es\/introduccion\/\",\"name\":\"Portada\"}},{\"@type\":\"ListItem\",\"position\":2,\"item\":{\"@type\":\"WebPage\",\"@id\":\"https:\/\/www.ift.uam-csic.es\/severoochoa\/es\/profesores-distinguidos\/\",\"url\":\"https:\/\/www.ift.uam-csic.es\/severoochoa\/es\/profesores-distinguidos\/\",\"name\":\"Profesores Distinguidos\"}}]}]}<\/script>\n<!-- \/ Yoast SEO plugin. -->","_links":{"self":[{"href":"https:\/\/www.ift.uam-csic.es\/severoochoa\/wp-json\/wp\/v2\/pages\/63"}],"collection":[{"href":"https:\/\/www.ift.uam-csic.es\/severoochoa\/wp-json\/wp\/v2\/pages"}],"about":[{"href":"https:\/\/www.ift.uam-csic.es\/severoochoa\/wp-json\/wp\/v2\/types\/page"}],"author":[{"embeddable":true,"href":"https:\/\/www.ift.uam-csic.es\/severoochoa\/wp-json\/wp\/v2\/users\/1"}],"replies":[{"embeddable":true,"href":"https:\/\/www.ift.uam-csic.es\/severoochoa\/wp-json\/wp\/v2\/comments?post=63"}],"version-history":[{"count":58,"href":"https:\/\/www.ift.uam-csic.es\/severoochoa\/wp-json\/wp\/v2\/pages\/63\/revisions"}],"predecessor-version":[{"id":1639,"href":"https:\/\/www.ift.uam-csic.es\/severoochoa\/wp-json\/wp\/v2\/pages\/63\/revisions\/1639"}],"wp:attachment":[{"href":"https:\/\/www.ift.uam-csic.es\/severoochoa\/wp-json\/wp\/v2\/media?parent=63"}],"curies":[{"name":"wp","href":"https:\/\/api.w.org\/{rel}","templated":true}]}}